st common divisor of p and 13?
1
Suppose -4*c + 172 = 4*r, 2*r - c - 26 = 66. Let s(l) = l**3 + 9*l**2 - 4*l + 15. Let v be s(-9). Let k = v - 46. What is the highest common factor of r and k?
5
Let r be (1 + -4)/(15/(-20)). Let n(j) = j**2 - j - 10. Let k be n(r). Suppose -k*h - g + 117 = -h, 0 = -5*g. Calculate the greatest common factor of h and 13.
13
Suppose -67*l + 66*l + 38 = 3*i, 4*l + 13 = 3*i. Let h(q) = 3*q**3 - 5*q**2 + 3*q - 1. Let w be h(3). Calculate the greatest common divisor of w and i.
11
Let g = -52 - -54. Let a(l) = 36*l**2 - 4*l + 8. Let x be a(g). What is the greatest common factor of x and 18?
18
Let u = 9 - -17. Let a = u - 14. What is the highest common factor of 132 and a?
12
Let k = -335 - -383. Calculate the greatest common divisor of 744 and k.
24
Suppose -192 = -5*m + 93. Suppose 0 = 12*p - 0*p - 456. What is the greatest common divisor of p and m?
19
Suppose -2*b = -2*k + 10, -3*b = 3*k - 1 + 4. Suppose -k*m - 4*i + 14 = 0, 0 = -m + i - 5*i + 11. What is the highest common divisor of 6 and m?
3
Let k = -53 + 49. Let q(x) = -42*x - 13. Let o be q(k). What is the greatest common divisor of o and 31?
31
Let m = -14 - -5. Let c be (-3 - 6)*15/m. Let f = c - -7. Calculate the highest common factor of 22 and f.
22
Let q be (92/(-10))/((-218)/545). Calculate the highest common divisor of q and 7.
1
Let s be ((-3)/9)/((-2)/294). Let f = s + -48. What is the highest common divisor of 3 and f?
1
Let h be (-30)/((-22)/(-28) + 0 + -1). Let k be 70/15*60/8. Calculate the greatest common divisor of h and k.
35
Let a(x) = x**2 + 5*x - 24. Let t be a(-12). What is the greatest common divisor of 24 and t?
12
Let c = 4 + -1. Suppose -4*t + 51 = 23. Let z = t - 4. What is the highest common divisor of c and z?
3
Let z be (-24 + 73)/((-2)/(-14)). What is the highest common factor of z and 28?
7
Let z(p) = -p - 1. Let t(w) = 4*w + 30. Let h(m) = -t(m) - 6*z(m). Let d be h(16). Calculate the greatest common divisor of d and 64.
8
Let v be 323 + 12 - (-6)/(0 - -1). What is the greatest common divisor of v and 44?
11
Let g be (111/9)/(5/((-90)/(-3))). Suppose -2*n + g = 60. What is the greatest common divisor of n and 7?
7
Let c(o) = -7*o**3 + o**2 - o. Let s be c(1). Let h be (-50)/s + 6/(-42). Let m = h - 3. What is the highest common factor of 16 and m?
4
Let o(a) = -a**3 + 5*a**2 + 3*a - 9. Suppose 2*f + 2*f = 16. Let q be o(f). What is the greatest common divisor of q and 95?
19
Let j(r) = r**3 - 5*r**2 + r - 9. Let p be j(5). Let x = 52 + p. Suppose 0 = t + 4*t - 160. Calculate the greatest common divisor of t and x.
16
Let h be -2 + (-356)/(-16) - (-3)/(-12). Suppose 0 = -3*i - 2*j + 81, -3*j = i - 0*j - h. Calculate the highest common divisor of i and 58.
29
Let d(t) = t**3 - t**2 + 3. Let w be d(0). Suppose i = 2*c - 52, 4*c + w*i - 101 = 3. What is the highest common factor of 65 and c?
13
Let v be (6/12 + (-1)/10)*375. Calculate the greatest common factor of 30 and v.
30
Let v = -356 + 348. Let c be (4/2)/((-1)/(-6)). Let w = c - v. What is the highest common factor of w and 10?
10
Let b be (3780/72)/((-3)/(-40)). Calculate the greatest common divisor of b and 20.
20
Let x = 215 + -127. What is the highest common factor of 8 and x?
8
Let i(s) = s**3 - s**2 - 57*s + 7. Let y be i(-7). Calculate the highest common divisor of 6 and y.
2
Suppose -2*k - 1 - 1 = 0. Let d be k*(-10)/(-5) - -255. What is the greatest common factor of 11 and d?
11
Suppose -44 + 14 = -15*x. Let n(j) = 3*j. Let h be n(2). Calculate the highest common divisor of h and x.
2
Let h(v) = 9*v**2 - 60*v + 12. Let w be h(14). Calculate the highest common factor of w and 24.
24
Suppose -186 = -3*m + 57. Suppose -2*j = 3*p - 210, -4*j + 98 + 182 = 4*p. Let r = p + -61. Calculate the greatest common factor of r and m.
9
Let d = 21 + 1086. What is the greatest common factor of 9 and d?
9
Let l = 13 - 12. Let i be (10/(-3))/((-12)/9 + l). What is the greatest common factor of i and 5?
5
Let l be 6 + 648/2 - -9. What is the greatest common divisor of l and 3?
3
Let u(a) = -27*a - 360. Let m be u(-14). What is the highest common factor of m and 1080?
18
Suppose n - 5*n - 88 = 0. Let y be 2/3*(-1 - n). What is the greatest common divisor of 7 and y?
7
Let y(a) = a**3 - 2*a**2 - 2*a + 2. Let p be y(0). Suppose -3*v = 2 - 20. What is the greatest common factor of v and p?
2
Let s(r) = r + 8. Let i(z) = z**3 + 2*z**2 + 2*z - 1. Let a be i(-2). Let b be s(a). Calculate the greatest common factor of 2 and b.
1
Let a = 14 + -9. Suppose -4*m + a = -7. Let c = 1026 - 1024. Calculate the greatest common divisor of c and m.
1
Let z be (-10)/25 + (-154)/(-10). Let u = -363 - -792. Let i = -294 + u. What is the highest common factor of i and z?
15
Let r be (5028/18)/(4/6). Suppose -383 = -4*q - w, -3*q + 4*w - 146 = -r. Calculate the greatest common divisor of q and 19.
19
Suppose 6*r + 588 = 27*r. Suppose 2*j = -4*u + 6, -j = -u + 2*j + 19. Calculate the greatest common divisor of r and u.
4
Let m be 45/(-4 - 140/(-32)). Calculate the greatest common divisor of m and 30.
30
Suppose 0 = 2*w + 3*z - 7, w = -4*w - 4*z + 28. Suppose 2*j + w = -4*y - 92, -2*y + 2*j = 50. Let i = 35 + y. Calculate the greatest common divisor of i and 15.
5
Let y(a) = -a**3 - 3*a**2 + a - 1. Let r be y(-4). Suppose 6*t - 97 - 365 = 0. What is the greatest common factor of r and t?
11
Let u be (10 - 7)*-1*1. Let v be u - (-5*2 + -4). What is the greatest common factor of v and 1?
1
Let w = 978 - 976. What is the highest common divisor of w and 282?
2
Suppose 5*f - 2*g + 10 = 0, 3*f - 5 = f - g. Let u be 84/(-18) - 4/(-6). Let d = f - u. Calculate the highest common divisor of 12 and d.
4
Let s(f) = f**2 + 9*f + 5. Let l be s(-10). Suppose -j - l = 3. Let h be (j/2)/((-12)/16). What is the highest common factor of h and 24?
12
Suppose 0 = -4*d + 7 + 281. Calculate the greatest common divisor of 192 and d.
24
Suppose 0 = 115*c - 123*c + 56. Calculate the greatest common factor of 91 and c.
7
Let z(f) = -19*f - 219. Let c be z(-13). What is the highest common divisor of c and 42?
14
Let o be (6/9)/((-2)/3). Let a(g) = -77*g - 1. Let b be a(o). Suppose -3*q = -3*j + q + 52, -5*j = -4*q - b. Calculate the greatest common divisor of j and 2.
2
Let t(k) = 5*k**3 - 44*k**2 - 3*k - 32. Let g be t(9). Calculate the highest common factor of 44 and g.
22
Suppose 51 = -2*x - 1. Let a = x + 11. Let c be 50/3*(-18)/a. What is the greatest common factor of c and 160?
20
Let u = 10 - 22. Let f = u + 14. Suppose -f + 10 = 2*b. What is the greatest common divisor of b and 20?
4
Suppose -3*u + 10 = -u + x, x - 18 = -4*u. Suppose -i - 3*i + 2*w = -486, -u*w + 588 = 5*i. Calculate the highest common divisor of i and 48.
24
Let x be (-15)/(-75) + (-29)/(-5). Suppose x*t - 3*t = 6, 2*m + t - 46 = 0. What is the highest common divisor of 11 and m?
11
Suppose 7*h - 21 = -0*h. Let l(t) = 6*t**2 - t - 3. Let u be l(h). Calculate the highest common factor of 16 and u.
16
Suppose 0 = 2*n + 3*s - 29, 4*s + 15 - 28 = n. Calculate the greatest common factor of 217 and n.
7
Suppose 49*b - 55*b + 720 = 0. What is the greatest common factor of b and 195?
15
Let z = 10 + -7. Let f(n) = -z*n**2 - 11*n**2 + 4*n + n**3 - 2 + 10*n**2. Let o be f(3). Calculate the greatest common divisor of o and 4.
1
Suppose 5*d + 197 = -r, -d - 61 + 24 = -r. Let l = 3 - d. Calculate the highest common divisor of 28 and l.
14
Let m = -18 + 24. Let u be (-40 + 4)*(-9)/m. Suppose -10 - 167 = -4*b + 3*z, -b + 4*z = -u. Calculate the greatest common divisor of 21 and b.
21
Let p = 7 + -31. Let n = p - -46. Calculate the highest common divisor of n and 33.
11
Let v = 281 + -213. What is the highest common divisor of 238 and v?
34
Let i be (-4 - -3) + (2 - 1). Suppose -l - 2 - 7 = i. Let b = l + 27. Calculate the greatest common factor of b and 9.
9
Let o = -1744 - -1756. Calculate the highest common divisor of o and 318.
6
Let g(n) = -2*n - 18. Let m be g(-16). Let u = m + -21. Let i be (6 - 8)*u/1. Calculate the highest common factor of 21 and i.
7
Let v be (-145)/(-2) + (-1)/2. Let t = -2257 + 2275. Calculate the highest common divisor of t and v.
18
Suppose -5*y - 3*a = -482, 2*y + 5*a - 98 = 110. What is the highest common factor of y and 1786?
94
Let k = 